t b(i) be the second derivative of 0*i**3 + 0 + 7*i**2 - 6*i + 1/12*i**4. Calculate b(0).
14
Let j be (4 + 0)/(2 - 0). Suppose -5*n + 5*u - u = 15, j*n + 6 = 5*u. Let f(k) = -k**2 - 3*k - 4. What is f(n)?
-4
Let j(w) = w**2 - 3*w - 7. Let h(x) = x**2 - 3*x - 6. Let m(r) = -5*h(r) + 4*j(r). Calculate m(3).
2
Let t(p) = p - 2*p - 4*p + 2*p - 1. Calculate t(1).
-4
Let z(o) = -o + 3. Let k be (-45)/10*4/(-6). Suppose 0 = 3*h + 12, 2*v + 4*h + 10 = k*h. Calculate z(v).
6
Let j(r) be the first derivative of 5/2*r**2 - 7*r - 1 + 1/3*r**3. Determine j(-5).
-7
Let b(z) = 2*z + 2. Let a = 3 + -1. Suppose a*d - 5 = 3. Let x be 14/6 - d/12. Calculate b(x).
6
Let s(n) = 2 + 3 + 14*n**2 - 5. Give s(-1).
14
Let p(n) = -2*n - 6. Let g be (1/2)/(3/18). Suppose -6*b + 18 = -g*b. Let t be (b - -2)*1/(-2). Determine p(t).
2
Let x = -10 + 11. Let a(i) = i - 6 + x - 3. Give a(6).
-2
Let q = 2 - 1. Suppose -32 - 1 = -3*g. Let z(x) = -5 - x + g - x + q. Give z(5).
-3
Let o = -9 - -14. Suppose 2*u - o + 1 = 0. Let i(q) = -3*q**2 + 0*q**u + 4*q**2 - 4. What is i(0)?
-4
Let u(x) = x**2 - 9*x - 6. Let l(y) = -y**2 + 12*y - 27. Let m be l(5). Calculate u(m).
-14
Let c(v) = -1 + v**2 + 0 + 2 + 0*v**2. Let x be 1/(-4)*48/(-6). Give c(x).
5
Let l(c) = 0*c - 8*c**3 + c**2 - 2*c**2 - c. Let p = -46 + 33. Let g = p + 12. What is l(g)?
8
Let i be -2*-5*(-1)/2. Let m(t) be the second derivative of 1/12*t**4 - 1/2*t**2 + 0 + 2*t + 2/3*t**3. What is m(i)?
4
Let o(p) be the third derivative of p**4/24 - p**3/6 - 4*p**2 + 1. Let n = -2 + -3. Calculate o(n).
-6
Let i(c) = 3*c**2 + 8*c + 3. Let o be i(-3). Let h(n) = -3*n - o + 6 + 4*n. Give h(1).
1
Let x(h) = h + 7. Let n be x(-6). Let v = n - -4. Suppose -4*g + 7 = -v. Let i(k) = -k**3 + 3*k**2 - 3*k + 2. Give i(g).
-7
Let z(k) be the first derivative of -k**3/3 + 2*k**2 + 4*k - 53. Let a = 5 + -7. Let l = a + 7. Determine z(l).
-1
Let a(y) be the first derivative of -y**4/12 + 4*y**3/3 - 9*y**2/2 + 7*y - 2. Let u(g) be the first derivative of a(g). Calculate u(7).
-2
Let b(d) = -d - 3. Let m = 124 - 121. Determine b(m).
-6
Suppose -n = 5*o + 22, n + 16 = -2*o + 3*n. Let h(j) = -j**3 + j**2 + 4*j - 1. Let m(d) = d**3 - 2*d**2 - 3*d + 1. Let l(q) = o*m(q) - 4*h(q). Determine l(6).
-7
Let o(x) = -x**2 + 3*x + 2. Let l(q) = 4*q**2 + 2*q - 1. Let a be l(1). Determine o(a).
-8
Suppose 3 = -p - 2*t - 2, -7 = -4*p + t. Let s(l) = 5*l**2 + 2*l - 1. Give s(p).
6
Let t(x) = -x - 5. Let z be t(-7). Suppose 5*o - z = 2*a, o - a + 3 = 1. Let g = o - -2. Let v(j) = -j**2 + 5*j + 3. Give v(g).
7
Let f(l) = l**3 - l**2 - 3. Let m(b) = b + 10. Let i be m(-5). Suppose 4 = -2*k - 2*a - 0, 5*a = i*k - 10. Calculate f(k).
-3
Let q(v) = v**2 + 2*v + 3. Let o(w) = -w**3 + 4*w**2 + 14*w - 15. Let z be o(6). Calculate q(z).
6
Let b = -8 + 9. Suppose -p = -1 - b. Suppose 0 = -p*u - u - 5*q - 6, -q + 4 = -2*u. Let v(c) = c**3 + c**2 - 2*c - 3. Determine v(u).
-3
Let i(m) be the first derivative of -m**4/4 + 4*m**3/3 + 7*m**2/2 - 7*m - 41. Let u be 5*1*1 + 0. Calculate i(u).
3
Let l(k) be the second derivative of -2*k - k**3 + 0 - 5*k**2 + 1/12*k**4. Let q be l(8). Let v(f) = f**3 - 5*f**2 - 8*f + 5. Calculate v(q).
-7
Let v(g) be the second derivative of -g**3/6 + 3*g**2 + 4*g. Give v(5).
1
Let z = 3 - -2. Suppose -z = v + 1. Let m(a) = a + 8. Calculate m(v).
2
Let q = -7 - -19. Suppose -11*z - 7 = -q*z. Suppose -3*u + 4 = -z*u. Let g(n) = 11*n - 1. What is g(u)?
-12
Let x(u) be the third derivative of 2*u**2 + 0 + 1/8*u**4 + 0*u - 1/3*u**3. What is x(4)?
10
Suppose 4*i + 2*w = 1 + 1, 5*i + 5*w = -5. Let o(q) be the second derivative of -1/20*q**5 + 2*q**i + 0*q**4 + 2*q + 1/6*q**3 + 0. Determine o(0).
4
Let v = 20 + -11. Suppose 3*i = -v, 3*t - 6 = -2*i - 0*i. Let c(x) be the third derivative of -x**5/60 + 5*x**4/24 - 5*x**3/6 + x**2. Determine c(t).
-1
Let p(i) = i**2 + 2*i. Let q be ((-40)/24)/((-1)/27). Let d be (-4)/(-14) - q/35. Calculate p(d).
-1
Suppose -l - l - 6 = 0. Let r(m) = 6 + 2 - m - 4 - 3. Give r(l).
4
Let q(x) = x**3 + x**2 + 5. Suppose 6 + 0 = -4*c - 2*m, c = -2*m - 6. Give q(c).
5
Let c(n) = -10*n**3 - n**2 + 1. Suppose 3*g + 18 = 4*s, 3*g + 0*g = 5*s - 21. Let r be g + (2 - 3) + 2. Give c(r).
10
Let i be (-1)/(-4) + (-11)/(-4). Let c = -3 + i. Let q(o) = o**2 + 0*o**3 + o - 5*o**3 + c*o - 1. Determine q(1).
-4
Let u(w) = -4*w - 137 + 5*w + 138. What is u(0)?
1
Let w(p) = p**2 - 7*p + 5. Suppose -3*u = -g - 6, -g - u + 26 = 4*u. Give w(g).
-1
Let o(w) be the second derivative of -w**3/3 - 3*w**2 - 2*w. Let f be o(-9). Suppose -4*s - f = -4. Let q(g) = g - 2. What is q(s)?
-4
Let d(w) = 4 + 2*w - w - w**2 - 3*w - 2*w. Let b = 10 - 7. Suppose -4*u - 4 = -b*z, -z + 5*u = -7 - 9. Give d(z).
4
Suppose 23 = -2*v - 0*m + m, -2*m = v + 14. Let i(z) = 2*z - 10. Let q(a) = a - 4. Let r(u) = v*q(u) + 5*i(u). Determine r(2).
-6
Let b(s) be the first derivative of s**2/2 - 4*s - 14. What is b(4)?
0
Let d(b) = -b**2 - 5*b + 5. Let k = -3 - 2. Let n be d(k). Let x(p) = -2*p + 5. Calculate x(n).
-5
Let w(g) = g**2 + 3*g + 1 + 0*g - 2*g. Let x be (-4)/18 - ((-300)/27)/(-4). Calculate w(x).
7
Let f(v) be the second derivative of -5*v**3/6 - v**2/2 + 10*v. Calculate f(1).
-6
Let u(n) = 2*n + 4. Suppose -112 = 5*l + 11*l. What is u(l)?
-10
Suppose 3*q + 2*m = -10, 15 = -6*m + 3*m. Let d(o) be the first derivative of -4 - 1/3*o**3 + 0*o - 1/2*o**2. What is d(q)?
0
Let u(v) be the second derivative of -v**4/6 - v**3/6 + v**2/2 - 3*v. Let b(r) = -r**2 - 3*r + 2. Let n be b(2). Let d be 2*2*(-2)/n. Determine u(d).
-2
Let j(b) = -b**2 - 5*b + 1. Let a = 11 + -20. Let w(y) = y + 6. Let m be w(a). What is j(m)?
7
Suppose 2*w + d = 17, 3*d - 21 = -2*w - 2*d. Let g(n) = n**2 - 10*n - 4. Determine g(w).
-20
Let j(d) = -d**2 + 20*d - 38. Let g be j(18). Let l(b) = -2*b - 3. Calculate l(g).
1
Let k be (-14)/(-3) + (-3)/(-9). Let o(w) = 0*w**2 + 2 + 5*w**2 - 4*w**3 - k*w + 5*w**3 - 2*w**3. Give o(3).
5
Let t(b) = b**2 + b + 3. Let n be t(0). Let x(f) = 2 - 2*f**3 + f + n*f**3 + 2 + 5*f**2. Suppose 12 - 37 = 5*m. What is x(m)?
-1
Let n(l) = 5*l + 9. Let u(m) = -2*m - 5. Let k(z) = 3*n(z) + 7*u(z). Suppose 2*g + f - 7 = -0*g, 2*g = -3*f - 3. What is k(g)?
-2
Let w(y) = y + 17. Let b be w(-12). Let i(v) = -9*v**3 + 19*v**2 - 17*v - 8. Let a(q) = -4*q**3 + 9*q**2 - 8*q - 4. Let x(f) = -7*a(f) + 3*i(f). Determine x(b).
4
Let n(c) be the second derivative of -c**4/12 - c**3/3 - 3*c**2/2 + 77*c. Suppose 5 = 3*h + 14. Calculate n(h).
-6
Let f(c) be the third derivative of 7/60*c**5 + 0*c + 0 - 1/120*c**6 + 4*c**2 - 1/8*c**4 + 5/3*c**3. Determine f(7).
-11
Let s(g) = -g**3 - 9*g**2 - g - 13. Let u(n) = 1. Let m(x) = s(x) + 6*u(x). Determine m(-9).
2
Suppose -2*d + 0 = 4. Let y(w) be the third derivative of -w**6/120 - w**5/30 + w**4/12 + w**3/6 - w**2. Give y(d).
-3
Let v(w) be the second derivative of 1/3*w**3 - w + 1/12*w**4 + 0 + 0*w**2. Give v(-2).
0
Let v(a) = 4*a**2 - 2*a. Suppose -2*j + 9 = j. Suppose -5*x + 19 = -j*z, x = -3*x - 4*z - 4. Give v(x).
12
Let a(q) = q**3 - 4*q**2 - 5*q - 4. Let w(d) = -2*d - 29. Let f be w(-17). Determine a(f).
-4
Let t(a) be the second derivative of a**5/20 + a**3/6 - a**2/2 - 3*a. Give t(0).
-1
Let x(a) = -4*a**2 + a + 1. Let g(y) = -y - 13. Let q be g(-15). Determine x(q).
-13
Let m be 1 + -1 + -2 - -4. Suppose -4*i + 2*g - 7*g = 22, -2*g + m = -2*i. Let u(k) be the third derivative of -k**4/24 - k**3/6 - k**2. Give u(i).
2
Let l(t) = -6*t - 17. Let q be l(-4). Let r(g) = -g**2 + 7*g + 2. What is r(q)?
2
Let j(t) = -2*t**2 - 3*t + 4. Suppose -x = -4 - 0, 2*v + 2*x - 14 = 0. Let g(b) = -b**2 + 5*b + b**v - 1 - 5*b - b. Let q(s) = g(s) + j(s). Calculate q(4).
3
Let z(c) = 2*c**2 + 3*c - 3. Let n be ((-18)/(-30))/(1/(-5)). Determine z(n).
6
Suppose 2*g = 4*g - 5*o + 12, -3*o + 10 = -4*g. Let c(y) = 3*y. Let i(s) = -6*s. Let r(k) = -5*c(k) - 2*i(k). Give r(g).
3
Suppose 0*j + 40 = 4*j. Let c = j + -15. Let n(q) = q**2 + 6*q + 7. Calculate n(c).
2
Let o(l) = l**2 + 3*l - 2. Suppose -5*v - 4*j = -2*j + 26, 5*v + 5*j = -35. Determine o(v).
2
Let m(n) = 6*n - 1. Let r be m(0). Let a(z) = 2*z. Give a(r).
-2
Let s(a) = a + 9. Let y(o) = -2*o. Let h be y(0). Give s(h).
9
Let t = 10 + -6. Suppose -t*m - m = 0. Let h(u) = 2 - u**2 + 0 + m*u**2 + 5*u